13
-1a7
-7621 (base 16) to base 6
-352001
What is ff (base 16) in base 4?
3333
-42b (base 15) to base 10
-941
Convert 3350 (base 6) to base 2.
1100010010
-10424 (base 5) to base 12
-517
What is 1a (base 16) in base 2?
11010
1051552 (base 6) to base 11
37275
Convert 15023 (base 10) to base 6.
153315
Convert eab7 (base 15) to base 12.
248b4
-11111110110 (base 2) to base 11
-1593
635 (base 11) to base 8
1374
324443 (base 6) to base 2
110100101001011
What is -c26 (base 16) in base 4?
-300212
What is 2112304 (base 5) in base 12?
18541
f24 (base 16) to base 2
111100100100
Convert 14554 (base 6) to base 14.
c18
Convert -1a31 (base 11) to base 9.
-3471
Convert 286b (base 13) to base 5.
141320
Convert 13131 (base 4) to base 12.
339
1187a (base 11) to base 6
210455
-33cb (base 13) to base 12
-4255
16904 (base 14) to base 12
28948
Convert 1011 (base 2) to base 10.
11
What is -2211 (base 4) in base 16?
-a5
25001 (base 9) to base 7
66613
-7b7 (base 13) to base 6
-10101
121011120 (base 3) to base 6
130323
What is -475 (base 9) in base 12?
-288
What is 223520 (base 8) in base 13?
28545
Convert -153253 (base 7) to base 10.
-29977
What is 6615 (base 11) in base 7?
34306
Convert c86 (base 13) to base 7.
6143
What is 1122202 (base 3) in base 16?
4b8
Convert 2223 (base 6) to base 12.
373
Convert 116 (base 16) to base 13.
185
What is 14884 (base 9) in base 15?
3051
103220 (base 5) to base 7
13244
What is -321 (base 4) in base 11?
-52
What is 1525 (base 7) in base 15?
2a7
What is -3536 (base 7) in base 11?
-a83
Convert -111101 (base 3) to base 4.
-11221
30123 (base 4) to base 7
2214
1130 (base 8) to base 5
4400
What is -102301 (base 5) in base 6?
-23551
What is -124a4 (base 12) in base 15?
-7597
What is -5b82 (base 14) in base 10?
-15990
Convert -3846 (base 9) to base 13.
-1404
Convert 210222021 (base 3) to base 15.
4b2d
What is -110110101100111 (base 2) in base 15?
-8472
-2225 (base 8) to base 12
-819
What is -1247 (base 12) in base 9?
-2751
What is 23102 (base 4) in base 13?
437
-3785 (base 12) to base 4
-1202111
b1dc (base 15) to base 6
445513
-697 (base 15) to base 14
-788
101113 (base 4) to base 16
457
-4431 (base 14) to base 9
-17164
1002012 (base 3) to base 4
30110
Convert 201251 (base 6) to base 16.
3dff
What is 5a33 (base 15) in base 9?
28263
What is -101101100111 (base 2) in base 16?
-b67
What is 5dd (base 14) in base 13?
6c5
-233030 (base 4) to base 9
-4125
-481 (base 12) to base 4
-22201
What is -4256 (base 9) in base 11?
-2395
What is 4330 (base 6) in base 14?
50a
Convert 1690 (base 14) to base 7.
14540
What is 121001200 (base 3) in base 4?
2312331
819 (base 11) to base 9
1317
What is -611 (base 9) in base 8?
-760
-438 (base 12) to base 5
-4440
Convert 170 (base 16) to base 15.
198
Convert -1140 (base 5) to base 12.
-122
-11223 (base 5) to base 11
-67a
2b0 (base 16) to base 8
1260
Convert -120102 (base 4) to base 5.
-22204
135 (base 12) to base 4
2321
Convert -221 (base 5) to base 10.
-61
What is -1021100120 (base 3) in base 4?
-12013110
What is -1c2c (base 13) in base 6?
-31423
Convert -8d4a (base 16) to base 11.
-251a2
What is 381 (base 16) in base 7?
2421
What is 200010210 (base 3) in base 8?
31650
24d7 (base 15) to base 8
17254
Convert -968 (base 13) to base 9.
-2175
What is 1011000100011 (base 2) in base 11?
4292
Convert 327 (base 15) to base 3.
222101
3551 (base 9) to base 7
10456
4403 (base 7) to base 16
623
Convert -110010 (base 3) to base 4.
-11013
121543 (base 6) to base 8
25047
4e (base 16) to base 3
2220
130131 (base 5) to base 7
20461
-122221 (base 3) to base 12
-344
963 (base 11) to base 10
1158
-21021002 (base 3) to base 14
-1d02
What is 1806 (base 9) in base 3?
1220020
What is -7ade (base 16) in base 13?
-11417
What is -2608 (base 11) in base 15?
-1016
Convert -a46 (base 11) to base 3.
-1201200
Convert 201333 (base 4) to base 16.
87f
What is -111 (base 11) in base 13?
-a3
What is 491 (base 12) in base 10?
685
-2533 (base 7) to base 16
-3bb
What is -155011 (base 8) in base 6?
-1110225
Convert 152532 (base 6) to base 5.
434023
What is -157230 (base 8) in base 2?
-1101111010011000
What is -790 (base 14) in base 2?
-10111011010
-21531 (base 6) to base 7
-11524
What is c5ab (base 13) in base 5?
1333400
-211215 (base 6) to base 13
-7a60
Convert 5111 (base 9) to base 14.
150c
-1030 (base 5) to base 12
-b8
-23334 (base 5) to base 7
-5004
Convert 442 (base 9) to base 3.
111102
What is 1110322 (base 5) in base 13?
8b21
What is -135 (base 11) in base 13?
-c3
Convert 50959 (base 10) to base 16.
c70f
Convert -1377 (base 14) to base 7.
-13010
What is -cba (base 16) in base 4?
-302322
What is -15322 (base 6) in base 3?
-10102112
What is -3204214 (base 5) in base 2?
-1101000110110100
What is 814 (base 9) in base 15?
2e1
Convert -15403 (base 10) to base 3.
-210010111
What is -b18 (base 13) in base 7?
-5324
4b0a (base 15) to base 8
37161
Convert -13511 (base 6) to base 11.
-1668
What is -12002 (base 4) in base 5?
-3021
Convert 7432 (base 13) to base 10.
16096
What is 1220102020 (base 3) in base 6?
445310
-488 (base 12) to base 2
-1010101000
Convert -25d (base 16) to base 6.
-2445
Convert 230 (base 5) to base 6.
145
Convert 21301 (base 4) to base 7.
1552
What is 21001 (base 3) in base 2?
10111110
Convert 1c68 (base 13) to base 14.
17dd
Convert -738 (base 11) to base 3.
-1012220
What is -6954 (base 16) in base 13?
-c372
What is -8bf (base 16) in base 7?
-6346
What is 17170 (base 9) in base 3?
121012100
Convert 21333 (base 6) to base 4.
231321
47541 (base 8) to base 7
113150
What is -7cfb (base 16) in base 8?
-76373
What is 256a (base 13) in base 16?
14cf
What is -212112 (base 4) in base 2?
-100110010110
What is -4186 (base 12) in base 10?
-7158
30230 (base 5) to base 9
2585
What is 10000101111001 (base 2) in base 3?
102202101
-103024 (base 6) to base 4
-2003320
What is -9aca (base 16) in base 14?
-10626
Convert -1000110101111 (base 2) to base 9.
-6180
-17306 (base 9) to base 10
-11913
Convert 122102221 (base 3) to base 5.
401330
Convert -2d44 (base 15) to base 14.
-3799
What is 125552 (base 6) in base 3?
120222212
Convert 521 (base 11) to base 2.
1001110100
-13020010 (base 4) to base 9
-44031
Convert 222122 (base 3) to base 5.
10334
Convert -772 (base 11) to base 13.
-563
What is 3570 (base 8) in base 3?
2121211
What is 12212111 (base 3) in base 2?
1000010110111
What is -1549 (base 14) in base 13?
-1956
Convert 18946 (base 12) to base 11.
24a86
What is -148be (base 15) in base 3?
-10100200022
Convert 2851 (base 11) to base 7.
13514
36aa (base 13) to base 6
55505
Convert -3030001 (base 4) to base 10.
-13057
826 (base 16) to base 14
a90
-1133 (base 10) to base 2
-10001101101
535 (base 6) to base 13
128
What is -46be (base 16) in base 9?
-26752
What is b9 (base 14) in base 11?
139
Convert -2 (base 5) to base 13.
-2
Convert -2146 (base 12) to base 11.
-2822
-624 (base 11) to base 16
-2f0
-1015 (base 13) to base 5
-32330
What is 1100101 (base 3) in base 6?
4314
What is 11001010 (base 2) in base 11?
174
bb (base 16) to base 2
10111011
Convert 1234 (base 5) to base 11.
167
14023 (base 5) to base 4
101302
What is 330 (base 12) in base 7?
1236
-5b6 (base 14) to base 6
-5140
52331 (base 6) to base 13
3286
What is -102000112 (base 3) in base 2?
-1111101100001
Convert 100253 (base 6) to base 4.
1323021
What is 740 (base 8) in base 2?
111100000
-2368 (base 11) to base 7
-12015
What is -24221 (base 7) in base 10?
-6287
What is -3510 (base 6) in base 10?
-834
What is -120030 (base 4) in base 11?
-1188
-1121132 (base 5) to base 8
-47307
Convert 211122120 (base 3) to base 15.
4d5c
Convert -1220112 (base 3) to base 6.
-10235
What is -323100 (base 5) in base 12?
-6469
11120 (base 3) to base 11
102
-213430 (base 5) to base 14
-2981
Convert 326 (base 7) to base 8.
247
Convert 854 (base 10) to base 8.
1526
What is -10b98 (base 13) in base 6?
-353225
What is 4400434 (base 5) in base 7?
432002
Convert -10100000000000 (base 2) to base 13.
-4879
Convert 37c6 (base 16) to base 3.
201120211
-2111012 (base 3) to base 12
-1072
What is 84a6 (base 14) in base 11?
16212
Convert 46e (base 16) to base 6.
5130
Convert 617 (base 8) to base 3.
112210
What is 1c1 (base 14) in base 13?
221
What is -714 (base 16) in base 8?
-3424
Convert -1110111000 (base 2) to base 3.
-1022021
What is -1366